e of 18?
False
Let d(w) = -w**2 - 2*w. Let q be d(0). Let m be (11/(-2))/(3/(-6)). Suppose q = -m*i + 14*i - 189. Is i a multiple of 30?
False
Suppose s = -2*s - 5*l + 5, 15 = s - l. Suppose 6*r - r - s = 0. Suppose -4*a = r*i - i, 0 = 4*i + 2*a - 28. Is i a multiple of 3?
False
Suppose f = -0*f - 4*j + 75, 5*f + j - 299 = 0. Suppose 5*k = f + 31. Is k a multiple of 9?
True
Let d = 5 + -2. Suppose 3*i = g - 2*g - 1, 2*g = -i + d. Suppose g*f = -f + 63. Does 7 divide f?
True
Let j be -1 - ((-8)/2 - 0). Let y(x) = -25*x + 1 - 4 + 1 + j. Is 20 a factor of y(-2)?
False
Let s(v) = 10*v - 22. Suppose -5*z + 15 = -0. Suppose 0 = z*p - 31 + 4. Does 16 divide s(p)?
False
Let q = 185 - -92. Does 51 divide q?
False
Let g = 1514 - 399. Is 65 a factor of g?
False
Let t(u) = u**2 + 7*u + 1. Let v be t(-6). Suppose -6*d = -52 - 8. Let i = d + v. Does 2 divide i?
False
Let h be (2 + 21/1)*3. Let j(u) = u**3 + 13*u**2 + 43*u + 7. Let y be j(-7). Suppose -4*b + 5*b - h = y. Does 23 divide b?
True
Let z(c) = c**3 - c**2 - 3*c - 10. Let n(v) = v**2 - 1. Let b(y) = -6*n(y) + z(y). Let l be b(8). Is l/((-3)/((-27)/3)) a multiple of 36?
True
Let m be ((-21)/2)/((-12)/32). Let c be (m/(-12))/(1/(-12)). Suppose c = -2*f + 6*f. Is f a multiple of 3?
False
Let p = -1270 - -4160. Does 9 divide p?
False
Let v = -1140 - -1618. Suppose 5*t - 2233 = -v. Suppose -109 = -5*u + t. Is 25 a factor of u?
False
Suppose 2*t - 47 = -w, -2*w = -t + 4*t - 68. Let c be (1 + -3 - -2)/2. Suppose c*b - b + t = 0. Is b a multiple of 13?
True
Let q(i) = -i**2 - 9*i - 13. Let x be q(-8). Let d(v) = -v**2 - 11*v - 10. Does 3 divide d(x)?
False
Let k = -147 - -371. Is k a multiple of 16?
True
Suppose 15*b = 35*b - 1080. Does 9 divide b?
True
Suppose -25*p - y + 2124 = -23*p, 4*y - 1055 = -p. Is p a multiple of 37?
False
Let h(c) = 3*c - 1. Let a be h(-2). Let x(q) = 2*q**2 + 2*q - 3. Is 24 a factor of x(a)?
False
Suppose -3*a - 4 = -p, 3*a - 5 = 4*p + 6. Does 22 divide (-2)/2 - 230/p*2?
False
Let x = -131 + 235. Is x a multiple of 26?
True
Let d be (-2 - 0) + 15929/17. Suppose -34*x + d = -29*x. Does 12 divide x?
False
Let f = -8 + -13. Let b = f - -36. Let r = 1 + b. Is r a multiple of 3?
False
Let v = -4 + 1. Is 14 a factor of ((-10)/v)/5*108/4?
False
Suppose j - 17*j + 2400 = 0. Does 9 divide j?
False
Let h(l) = 5*l + 7. Let f(b) = -2*b - 4. Let s(z) = -13*f(z) - 6*h(z). Let a(n) = -2*n**2 + 2*n + 4. Let i be a(3). Does 16 divide s(i)?
False
Let n = 188 + -164. Does 12 divide n?
True
Is 6 a factor of 135993/91 - 12/28?
True
Let q be (19 - 17) + 1 + 7. Suppose 2*p + q = 56. Suppose -g + 25 = -p. Is 15 a factor of g?
False
Let c = -66 + 75. Suppose 0*p = c*p - 117. Does 13 divide p?
True
Suppose -2*n = -3*n + 7. Suppose 0 = 4*y - n*y + 42. Is y a multiple of 3?
False
Suppose o - 4*c - 22 = -o, -5*o = c - 22. Suppose -o*z + 584 = -136. Is 15 a factor of z?
False
Let k = -164 - -439. Is 25 a factor of k?
True
Suppose -5*w + 566 = y, 3*y + w - 1567 - 159 = 0. Is 36 a factor of y?
True
Let i(j) = 6*j**2 - 1. Suppose 6 = 4*g - 2. Let v = g + -3. Is 3 a factor of i(v)?
False
Let n = -326 - -543. Is n a multiple of 10?
False
Suppose 0*c = -2*c - 2*j + 18, 3*j - 15 = 0. Suppose 7*v - 12 = 3*v. Suppose -3*b - d = -c*b + 29, -v*d - 145 = -5*b. Does 25 divide b?
False
Let v = -272 + 792. Is 13 a factor of v?
True
Let o(w) = -w**3 - 12*w**2 - 14*w - 16. Let s be o(-11). Let y = s - 25. Is 41/4 - (-2)/y a multiple of 5?
True
Let t(r) = r - 12. Let j be t(11). Let m be (4 + -1)/(2 + j). Is m - 1/((-4)/196) a multiple of 26?
True
Let z be (1 + 83)*(-5)/(-10). Suppose -3*l - z = -186. Does 12 divide l?
True
Suppose 0 = -o - 4*v + 256, 768 = -5*o + 8*o + 3*v. Does 8 divide o?
True
Suppose -4*o - 4*i - 63 = 41, 0 = -2*o + i - 43. Let j(w) = w**3 + 10*w**2 + 3*w - 12. Let x be j(-9). Let n = o + x. Does 19 divide n?
True
Let i = -141 - -725. Does 32 divide i?
False
Suppose 5*b = 4*b - 86. Let r = -344 - -485. Let d = r + b. Is d a multiple of 26?
False
Suppose 14*y + 193 + 115 = 0. Let s be (-48)/(-5)*10/3. Let f = s + y. Is 6 a factor of f?
False
Let i be 10 + 4 + (-2 - 0). Suppose 0 = r + r + i. Is (8/20)/(r/(-60)) even?
True
Let g = -355 + 748. Let t = g + -220. Let s = t - 101. Does 9 divide s?
True
Suppose x + 1 = 6. Suppose -x*f + 14 = 4*l, 5*f - 5 + 0 = 5*l. Is 0 + (2 - (-20 - l)) a multiple of 23?
True
Let o(g) = 2*g**3 - 52*g**2 + 14*g - 36. Is o(26) a multiple of 21?
False
Let n = -75 + 115. Let v(q) = -75 + 15*q**2 + n + 39. Is 10 a factor of v(-2)?
False
Suppose -2*t - 155 = -b + 539, 3405 = 5*b + 3*t. Does 38 divide b?
True
Let c be ((-234)/273)/((-6)/7 - -1). Is (-2)/5 + c + (-1056)/(-15) a multiple of 16?
True
Let k(v) = -6*v - 3. Suppose 0*m - 60 = 5*m. Let x be k(m). Does 9 divide x*6/(-45)*-5?
False
Suppose -9*r = 24 - 5244. Does 12 divide r?
False
Let b = 70 + -13. Suppose -w + 2*w - 2*v - 42 = 0, b = w + v. Is w a multiple of 13?
True
Let v = -1 + 1. Let x = 46 - 44. Suppose c + x*f - 11 = 12, v = -4*c + 5*f + 144. Is c a multiple of 6?
False
Suppose 4*i + 46 = p + 1519, 4*i - 2*p = 1470. Does 7 divide i?
False
Let w(q) = -10*q - 46. Is 12 a factor of w(-7)?
True
Suppose 31*p - 382 = 4733. Is 11 a factor of p?
True
Let t be (12/9)/(4/(-24)). Let r = t + 28. Suppose 196 + r = 4*q. Does 18 divide q?
True
Suppose 2828 = 5*h + 2*h. Suppose 0*k + 4*g - h = -4*k, 0 = 5*k + 4*g - 509. Is k a multiple of 35?
True
Is 25 a factor of -4*20/(-16) + (-2 - -422)?
True
Let g be (1*3 - (-3 + 8)) + -4. Is 22 a factor of (-1 - (-290)/(-6))*9/g?
False
Let y(u) = -u**2 - 13*u - 4. Let x be y(-10). Let w = x + 4. Suppose -5*z = -10*z + w. Does 2 divide z?
True
Let u(d) = d**2 + 6*d + 21. Is u(-26) a multiple of 66?
False
Let z be (-4)/(-8) - (-1155)/6. Suppose -z - 203 = -12*q. Does 27 divide q?
False
Let c(v) = -17*v - 8. Let j be c(-10). Suppose -i + j = 5*i. Is 16 a factor of i?
False
Let p = 275 - 40. Let s be (4/3)/((-8)/(-12)). Suppose o = -2, s*o + p = 3*k - 3*o. Is 25 a factor of k?
True
Let v(f) = -56*f - 294. Does 2 divide v(-7)?
True
Suppose 0 = 17*j - 8291 - 12585. Is j a multiple of 16?
False
Let l = -691 - -995. Does 8 divide l?
True
Let f = -20 - -22. Suppose -d - f*d - 3*t + 84 = 0, 85 = 4*d - 5*t. Let w = d + -21. Does 2 divide w?
True
Let c = 1070 + 329. Does 83 divide c?
False
Suppose 5*x + 4*j + 90 = -j, 5*x + 106 = -j. Let q be ((-11)/x)/((-1)/(-2)). Let m(a) = 5*a + 3. Is m(q) a multiple of 2?
True
Suppose 11 + 10 = 3*u. Let d be (-3)/(6/24 + (-35)/20). Let z = u - d. Is z a multiple of 2?
False
Suppose -6*n - 73 = -559. Is 9 a factor of n?
True
Let a(n) = 3*n + 68. Let b be a(-20). Let x(g) = g**3 - 9*g**2 + 13*g - 11. Does 9 divide x(b)?
False
Let n(q) be the first derivative of -9*q**2/2 - 29*q + 3. Is 17 a factor of n(-7)?
True
Let t(s) = -5*s - 92. Is t(-22) a multiple of 15?
False
Is (-302 + 2)/(46 - 48) a multiple of 12?
False
Let z = -43 - -989. Is z a multiple of 21?
False
Let t(d) = 74*d**2 - 9*d + 10. Does 18 divide t(2)?
True
Suppose -4*z + 664 = 4*b, z + 830 = 5*b + 4*z. Is b a multiple of 52?
False
Suppose -5*f + 1485 = -4*f - 3*k, -4*f + 5855 = 5*k. Let s be 2/(-9) - f/(-54). Let u = s - -12. Is u a multiple of 16?
False
Is 8 a factor of 9096/20 + 6/5?
True
Let g(w) = w**2 - 2. Let d be g(2). Let f be d - -20 - 0/2. Suppose 24*b = f*b + 210. Does 16 divide b?
False
Let v be 2/4 + (-567)/(-6). Let t = v - 41. Suppose -5*f = -16 - t. Is 6 a factor of f?
False
Let t = -92 + 157. Does 8 divide t?
False
Does 24 divide (-2)/((-20)/6) + 10128/20?
False
Suppose 6*x - 14 = 4*x. Let t = 9 - x. Suppose 3*h - t = 13. Does 2 divide h?
False
Let j be -21*(8/12 - 2). Suppose -j + 13 = -3*m. Suppose -q - 72 = -m*q. Is q a multiple of 6?
True
Suppose 28*s - 42936 = 12476. Does 6 divide s?
False
Let l(u) = u**3 + 22*u**2 + 39*u - 36. Does 17 divide l(-19)?
True
Does 46 divide 20/(-6)*1332/(-10)?
False
Let l(d) = 25*d + 2. Let n be l(2). Let q = n - 13. Is q a multiple of 3?
True
Suppose -5*t + 3*w + 15 = 0, 5*t = -0*t - 4*w + 15. Suppose -t*b + 714 = 4*b. Does 13 divide b?
False
Let d(c) be the first derivative of -7*c**2/2 - c - 5. Let u be d(-2). Is 0 - -1 - (3 - u) a multiple of 5?
False
Suppose -j + 5*j - 4*h - 428 = 0, 0 = -3*j - 4*h + 314. Does 8 divide j?
False
Let h(j) = -9*j**2 + 